the tens digit of b?
0
Let t be (-12)/(-102) - (-516)/(-51). Let b be 4/(-1) + t + 16. Suppose 129 = d + 2*d + 3*g, 243 = 5*d - b*g. What is the units digit of d?
7
Suppose -4*y - 2 = -6. Let c = 49 + -4. What is the tens digit of -6*(c/(-6) + y)?
3
What is the hundreds digit of (-2022672)/(-42) + (-109 - -107)*1/(-14)?
1
Let u be (-4887)/(-6)*56/42. Suppose 37*w = 31*w + u. What is the units digit of w?
1
Let m(a) = -a**2 - 21*a - 9. Let s(o) = -o - 8. Let r be s(6). Let y be (8/6)/(r/105). What is the hundreds digit of m(y)?
1
Let x be (171/(-15))/((-3)/60). What is the units digit of (-5)/((-60)/21)*x?
9
Let t = 2323 + 14241. What is the tens digit of t?
6
Let w = 14 + 1. Suppose 0 = -15*f + 75 - w. What is the units digit of 2/f + 0 - 182/(-52)?
4
Let u be -4*(3 - 0)/(-6). Let f(q) = -6 + 19*q**2 + 47*q**u + 5*q - 6. What is the tens digit of f(2)?
6
Let n be ((-1)/3)/(-4 + (-55)/(-15)). Let q be (0 + 48/(-20))*(-54 - n). Suppose 2*h = 3*y - 555, -4*y + 2*h + q + 606 = 0. What is the units digit of y?
3
Let i = 163 - 166. What is the hundreds digit of i + (131 - (-10)/5)?
1
Let j be 2/8 + 561/12. Let b = j + -40. Suppose 4*z - 5*w - 504 = 0, 0 = -2*z + b*w - 5*w + 250. What is the tens digit of z?
2
Suppose 61687 = j - s + 1208, 3*s = -27. What is the ten thousands digit of j?
6
Suppose 130*b = 141*b - 50039. What is the hundreds digit of b?
5
Let j = -42 - -47. Suppose -i - 3 = 3*o, -8*o - j = 4*i - 3*o. Suppose 8*a - 3*a - 935 = i. What is the tens digit of a?
8
Suppose -61*q + 1067736 = -62655. What is the units digit of q?
1
What is the units digit of ((-385)/(-10))/((18/(-23274))/(8/(-12)))?
7
Let j(m) = -3080*m - 1163. What is the hundreds digit of j(-8)?
4
Let f be (-847)/(-165) - (-2)/(-15). Suppose f*o + 7 = 227. Suppose -92 = -4*d + 2*y + y, 3*d + 4*y = o. What is the tens digit of d?
2
Let k(m) = 5*m + 69. Let g be k(-13). Suppose q = -g*q + 2250. What is the tens digit of q?
5
Let p = -69 + 59. Let r(n) = -94*n + 156. What is the thousands digit of r(p)?
1
Suppose -60*q + 70*q - 11880 = 0. Let f = q - 383. What is the hundreds digit of f?
8
Suppose -2*b = -2560 - 2984. Suppose b = -5*o + 14*o. What is the hundreds digit of o?
3
Let b = 3946 + -1928. What is the thousands digit of b?
2
Let r = -7572 + 15777. What is the thousands digit of r?
8
Let k = 3718 + 34. Suppose -2*x = 218 - k. What is the tens digit of x?
6
Suppose 4*s - 3*s + 3 = y, -5*s + 17 = 3*y. What is the units digit of ((-14)/y)/(2/(-32))?
6
Let k(x) = -x + 8. Let h be k(8). Suppose -t - 2 + 5 = h, -2*t = -4*g + 1162. Suppose 590 = 4*q - 0*q + 2*n, -2*q + 2*n + g = 0. What is the units digit of q?
7
Let t be (258/(-215))/(1/(-5)). Suppose -5*h = -5*l - 19030, 3*h - 1550 - 9871 = 2*l. What is the tens digit of t/8 + h/52?
7
Suppose 268*y = 259*y + 21303. Let m = y + -1280. What is the thousands digit of m?
1
Let w be -5*((-5)/(-10)*-10 - -4). Suppose 4*i = -q + 1748, -3*i + q - w*q + 1324 = 0. What is the units digit of i?
6
Suppose 174 + 111 = 2*d + t, 426 = 3*d + t. Suppose -1509 = -4*k - d. What is the units digit of k?
2
Suppose -2*p - 4*s = -6, p = -p - 2*s. What is the hundreds digit of 362 + 4/(-12)*(3 + p)?
3
What is the hundreds digit of (1 - -13) + -25 - -10911?
9
Suppose -q + 49 + 23 = -j, -q + 356 = -5*j. Suppose -o + 108 = z, -3*o + 226 = 4*z - 209. Let i = z + j. What is the units digit of i?
0
What is the units digit of 6626/8 - (-693)/(-308)?
6
Let u(z) = z**3 + 4*z**2 - 13*z + 9. Let l be u(-6). Suppose -7*o = -12*o + l. What is the tens digit of (-2140)/(-24) - o/18?
8
What is the thousands digit of 13/((-156)/34910)*-6?
7
What is the ten thousands digit of (10*4076/12)/(76/342)?
1
Suppose 5*q - 75601 = 3*k, 5*q + 18529 = 5*k + 94144. What is the thousands digit of q?
5
Suppose -11 = 4*h + 121. Let z = -30 - h. Suppose -99 = -z*l + 2*l. What is the units digit of l?
9
Suppose -3*f + 23028 = 3*z, -4*z = 12*f - 10*f - 30704. What is the hundreds digit of z?
6
Suppose 0 = -5*o + 5*t + 58610, 0*o - 4*t - 35163 = -3*o. What is the units digit of o?
5
Let z(o) = -886*o + 4137. What is the hundreds digit of z(-8)?
2
Let z = -38 + 66. Suppose -z = j + 5*l - 8, 5*l = -25. Suppose j*a = 5*m - 105, a = 2*m - 0*a - 47. What is the units digit of m?
6
What is the units digit of 76050/100*(15 + 3 + -4)?
7
Suppose 0 = -222*f + 206*f + 12272. What is the units digit of f?
7
Let m(v) = v**3 - 18*v**2 - 24*v - 56. Let z = -360 + 381. What is the hundreds digit of m(z)?
7
Let s(o) = 2*o**3 - 5*o**2 + 8. Let z be 8/(-4) + 4 + -1 + 5. Suppose 0 = d + 2 - z. What is the tens digit of s(d)?
5
Let i = -1339 - -1537. What is the hundreds digit of i?
1
What is the tens digit of (-7 + (-130)/(-10))*9886?
1
Suppose -2*v + 2*b + 56 = 0, 2*v + 4*b + 12 - 80 = 0. Suppose -2502 = -2*k - 2*g, -25*g = -2*k - v*g + 2508. What is the tens digit of k?
4
What is the units digit of (-732)/610 + 121671/5?
3
Let t(x) be the third derivative of 3*x**4/8 + 3*x**3/2 - 27*x**2. Let w be t(-20). What is the units digit of 0 - 1 - (0/1 + w)?
0
Let g be 2824/(-48)*-3 - (-1)/2. Let c = g + -7. What is the hundreds digit of c?
1
Let i = -43603 - -62102. What is the thousands digit of i?
8
Let t(m) = -13*m - 21 + 33*m - 21*m. Let s be t(-21). Suppose s*v = 9*v - 36. What is the units digit of v?
4
Suppose 2*m + 10 = 20. What is the hundreds digit of (-2)/m*(-455)/1?
1
Let b be ((-3 - -7) + -116)*18/21. Let n = b - -191. What is the tens digit of n?
9
Let h be (-4)/(-6)*12*(-10)/(-10). Let g be 68/h - -2*(-2)/8. Suppose g*c - 535 = 3*c. What is the hundreds digit of c?
1
Let l(u) = 4*u - 20. Let t be l(9). Suppose 0 = q - 2*c - 10, t = 4*q - 3*c + 1. Suppose q = 3*j - 205 + 13. What is the units digit of j?
4
Let q be (6/8)/((-1 - -3)/8). Let t(f) = 9*f + f**q + 2*f**3 + 22 - 6*f**3 + 12*f**2 + 4*f**3. What is the units digit of t(-11)?
4
Let c(f) = 173*f**3 - f**2 - 15*f + 76. What is the hundreds digit of c(3)?
6
Let l be 266/42 - 1/3. Suppose 16*h - 20 = l*h. Suppose h*r + 120 - 404 = 0. What is the hundreds digit of r?
1
Let v be 256/((-4)/(3 + 1)). Suppose 2*z + 801 = 5*c, 2*c + 25 = z + 425. Let a = v - z. What is the tens digit of a?
4
Let b(m) = -9*m**3 + 3*m + 4. Let v(a) = a**3 - 1. Let d(o) = -b(o) - 6*v(o). Let f be d(1). Suppose -f*h = -137 - 29. What is the units digit of h?
3
Let g = 111 - 201. Let y be (-288)/g*(-175)/(-2). Suppose -6*m + y = -4*m. What is the units digit of m?
0
Let n = -403 + 405. Suppose 0 = n*q + 2, 8*q - 2720 = -3*c + 10*q. What is the tens digit of c?
0
Let p(l) = 3*l**2 + 94 - 185*l - 34 + 211*l. What is the units digit of p(-20)?
0
Let b = 29042 - -28213. What is the tens digit of b?
5
Let t = 30 + -27. Suppose t*m = v - 193, 25*v + 3*m = 30*v - 929. What is the tens digit of v?
8
Let s be 4 + 54/(-15) + (-76)/(-10). Suppose s*b + 4*h - 1575 = 3*b, 0 = 3*b + 3*h - 948. What is the units digit of b?
1
Let o(u) = -u**3 - 11*u**2 - 12*u - 17. Let h be o(-10). Suppose 0 = -h*i - 2*i - 4*a + 3893, -4*a - 12 = 0. What is the units digit of i?
1
Let a(l) = -l**2 + 13*l - 110. Let k be a(11). Let n = k - -211. What is the tens digit of n?
2
Suppose -3*i + 6*q + 918 = 0, -5*q - 276 = -i - 9*q. What is the hundreds digit of i?
2
Let t = 947 - 940. Suppose -3*p = t*d - 6*d - 1700, -5*d = 5*p - 8480. What is the units digit of d?
4
Let m(n) = 2*n**2 - 4 - 3*n**2 - 19*n - 14*n - n. What is the tens digit of m(-13)?
6
Let m = -317 + 581. Let f = 183 + m. What is the tens digit of f?
4
Let h = 16511 + -10791. What is the tens digit of h?
2
Let i(p) = 10*p**3 - 225*p**2 + 16*p - 37. What is the hundreds digit of i(23)?
9
Let y = 8162 - 3871. What is the thousands digit of y?
4
What is the tens digit of ((-15291)/(-3) + 2)*3*5/15?
9
Let f(g) = -25178*g - 642. What is the tens digit of f(-1)?
3
What is the thousands digit of (1360/(-102))/((-2)/11 + (-6035)/(-33495))?
8
Suppose 16 = 3*j - 5. Let p be ((1395/2)/(-5))/(j/(-14)). Let s = -134 + p. What is the units digit of s?
5
Let c = -13 - -28. Let a = c - -5. Suppose 3*j + a = 8*j. What is the units digit of j?
4
Let u(t) = t**3 - 10*t**2 - 57*t - 267. What is the tens digit of u(16)?
5
Let s(t) = -754*t - 2217. What is the thousands digit of s(-5)?
1
Suppose 0 = 7*p - 2*p - 180. Let d = p - 36. Suppose d = 4*y - 2*o 